{"id":816,"date":"2021-09-06T12:08:41","date_gmt":"2021-09-06T12:08:41","guid":{"rendered":"https:\/\/www.willersurthur.fr\/?page_id=816"},"modified":"2021-09-06T12:29:57","modified_gmt":"2021-09-06T12:29:57","slug":"canal-willerois","status":"publish","type":"page","link":"https:\/\/www.willersurthur.fr\/vie-pratique\/canal-willerois\/","title":{"rendered":"Canal Willerois"},"content":{"rendered":"\n<h1 class=\"wp-block-heading\">Canal Willerois<\/h1>\n\n\n\n<div class=\"wp-block-columns is-layout-flex wp-container-core-columns-is-layout-28f84493 wp-block-columns-is-layout-flex\">\n<div class=\"wp-block-column is-layout-flow wp-block-column-is-layout-flow\">\n<div class=\"wp-block-columns is-layout-flex wp-container-core-columns-is-layout-28f84493 wp-block-columns-is-layout-flex\">\n<div class=\"wp-block-column is-layout-flow wp-block-column-is-layout-flow\">\n<p>Canal d\u2019information privil\u00e9gi\u00e9, le r\u00e9seau c\u00e2bl\u00e9 du village permet \u00e0 plus de 400 foyers de suivre les infos willeroises sur le t\u00e9l\u00e9viseur. Voir le programme en cours<\/p>\n\n\n<div id=\"div_block-1-821\" class=\"ct-div-block\" ><div id=\"video-2-821\" class=\"ct-video\" >\n        \t\t<div class=\"oxygen-vsb-responsive-video-wrapper oxygen-vsb-responsive-video-wrapper-custom\"><iframe loading=\"lazy\" src=\"https:\/\/player.vimeo.com\/video\/529260853?h=d3855761be&autoplay=1&loop=1\" width=\"640\" height=\"480\" frameborder=\"0\" allow=\"autoplay; fullscreen; picture-in-picture\" allowfullscreen><\/iframe><\/div>\n\t\t        <\/div><\/div><\/div>\n<\/div>\n<\/div>\n<\/div>\n","protected":false},"excerpt":{"rendered":"<p>Canal Willerois Canal d\u2019information privil\u00e9gi\u00e9, le r\u00e9seau c\u00e2bl\u00e9 du village permet \u00e0 plus de 400 foyers de suivre les infos willeroises sur le t\u00e9l\u00e9viseur. Voir le programme en cours<\/p>\n","protected":false},"author":2,"featured_media":0,"parent":456,"menu_order":0,"comment_status":"open","ping_status":"closed","template":"","meta":{"_acf_changed":false,"footnotes":""},"class_list":["post-816","page","type-page","status-publish","hentry"],"acf":[],"yoast_head":"<!-- This site is optimized with the Yoast SEO plugin v27.4 - https:\/\/yoast.com\/product\/yoast-seo-wordpress\/ -->\n<title>Canal Willerois - Willer-sur-Thur, le site officiel<\/title>\n<meta name=\"robots\" content=\"index, follow, max-snippet:-1, max-image-preview:large, max-video-preview:-1\" \/>\n<link rel=\"canonical\" href=\"https:\/\/www.willersurthur.fr\/vie-pratique\/canal-willerois\/\" \/>\n<meta property=\"og:locale\" content=\"fr_FR\" \/>\n<meta property=\"og:type\" content=\"article\" \/>\n<meta property=\"og:title\" content=\"Canal Willerois - Willer-sur-Thur, le site officiel\" \/>\n<meta property=\"og:description\" content=\"Canal Willerois Canal d\u2019information privil\u00e9gi\u00e9, le r\u00e9seau c\u00e2bl\u00e9 du village permet \u00e0 plus de 400 foyers de suivre les infos willeroises sur le t\u00e9l\u00e9viseur. Voir le programme en cours\" \/>\n<meta property=\"og:url\" content=\"https:\/\/www.willersurthur.fr\/vie-pratique\/canal-willerois\/\" \/>\n<meta property=\"og:site_name\" content=\"Willer-sur-Thur, le site officiel\" \/>\n<meta property=\"article:publisher\" content=\"https:\/\/www.facebook.com\/groups\/360622284145\/\" \/>\n<meta property=\"article:modified_time\" content=\"2021-09-06T12:29:57+00:00\" \/>\n<meta name=\"twitter:card\" content=\"summary_large_image\" \/>\n<script type=\"application\/ld+json\" class=\"yoast-schema-graph\">{\"@context\":\"https:\\\/\\\/schema.org\",\"@graph\":[{\"@type\":\"WebPage\",\"@id\":\"https:\\\/\\\/www.willersurthur.fr\\\/vie-pratique\\\/canal-willerois\\\/\",\"url\":\"https:\\\/\\\/www.willersurthur.fr\\\/vie-pratique\\\/canal-willerois\\\/\",\"name\":\"Canal Willerois - Willer-sur-Thur, le site officiel\",\"isPartOf\":{\"@id\":\"https:\\\/\\\/www.willersurthur.fr\\\/#website\"},\"datePublished\":\"2021-09-06T12:08:41+00:00\",\"dateModified\":\"2021-09-06T12:29:57+00:00\",\"breadcrumb\":{\"@id\":\"https:\\\/\\\/www.willersurthur.fr\\\/vie-pratique\\\/canal-willerois\\\/#breadcrumb\"},\"inLanguage\":\"fr-FR\",\"potentialAction\":[{\"@type\":\"ReadAction\",\"target\":[\"https:\\\/\\\/www.willersurthur.fr\\\/vie-pratique\\\/canal-willerois\\\/\"]}]},{\"@type\":\"BreadcrumbList\",\"@id\":\"https:\\\/\\\/www.willersurthur.fr\\\/vie-pratique\\\/canal-willerois\\\/#breadcrumb\",\"itemListElement\":[{\"@type\":\"ListItem\",\"position\":1,\"name\":\"Accueil\",\"item\":\"https:\\\/\\\/www.willersurthur.fr\\\/\"},{\"@type\":\"ListItem\",\"position\":2,\"name\":\"Village et vie pratique\",\"item\":\"https:\\\/\\\/www.willersurthur.fr\\\/vie-pratique\\\/\"},{\"@type\":\"ListItem\",\"position\":3,\"name\":\"Canal Willerois\"}]},{\"@type\":\"WebSite\",\"@id\":\"https:\\\/\\\/www.willersurthur.fr\\\/#website\",\"url\":\"https:\\\/\\\/www.willersurthur.fr\\\/\",\"name\":\"Willer-sur-Thur, le site officiel\",\"description\":\"Bienvenue sur le site officiel de Willer-sur-Thur, 4\u00e8me commune foresti\u00e8re du d\u00e9partement du Haut-Rhin en Alsace.\",\"potentialAction\":[{\"@type\":\"SearchAction\",\"target\":{\"@type\":\"EntryPoint\",\"urlTemplate\":\"https:\\\/\\\/www.willersurthur.fr\\\/?s={search_term_string}\"},\"query-input\":{\"@type\":\"PropertyValueSpecification\",\"valueRequired\":true,\"valueName\":\"search_term_string\"}}],\"inLanguage\":\"fr-FR\"}]}<\/script>\n<!-- \/ Yoast SEO plugin. -->","yoast_head_json":{"title":"Canal Willerois - Willer-sur-Thur, le site officiel","robots":{"index":"index","follow":"follow","max-snippet":"max-snippet:-1","max-image-preview":"max-image-preview:large","max-video-preview":"max-video-preview:-1"},"canonical":"https:\/\/www.willersurthur.fr\/vie-pratique\/canal-willerois\/","og_locale":"fr_FR","og_type":"article","og_title":"Canal Willerois - Willer-sur-Thur, le site officiel","og_description":"Canal Willerois Canal d\u2019information privil\u00e9gi\u00e9, le r\u00e9seau c\u00e2bl\u00e9 du village permet \u00e0 plus de 400 foyers de suivre les infos willeroises sur le t\u00e9l\u00e9viseur. Voir le programme en cours","og_url":"https:\/\/www.willersurthur.fr\/vie-pratique\/canal-willerois\/","og_site_name":"Willer-sur-Thur, le site officiel","article_publisher":"https:\/\/www.facebook.com\/groups\/360622284145\/","article_modified_time":"2021-09-06T12:29:57+00:00","twitter_card":"summary_large_image","schema":{"@context":"https:\/\/schema.org","@graph":[{"@type":"WebPage","@id":"https:\/\/www.willersurthur.fr\/vie-pratique\/canal-willerois\/","url":"https:\/\/www.willersurthur.fr\/vie-pratique\/canal-willerois\/","name":"Canal Willerois - Willer-sur-Thur, le site officiel","isPartOf":{"@id":"https:\/\/www.willersurthur.fr\/#website"},"datePublished":"2021-09-06T12:08:41+00:00","dateModified":"2021-09-06T12:29:57+00:00","breadcrumb":{"@id":"https:\/\/www.willersurthur.fr\/vie-pratique\/canal-willerois\/#breadcrumb"},"inLanguage":"fr-FR","potentialAction":[{"@type":"ReadAction","target":["https:\/\/www.willersurthur.fr\/vie-pratique\/canal-willerois\/"]}]},{"@type":"BreadcrumbList","@id":"https:\/\/www.willersurthur.fr\/vie-pratique\/canal-willerois\/#breadcrumb","itemListElement":[{"@type":"ListItem","position":1,"name":"Accueil","item":"https:\/\/www.willersurthur.fr\/"},{"@type":"ListItem","position":2,"name":"Village et vie pratique","item":"https:\/\/www.willersurthur.fr\/vie-pratique\/"},{"@type":"ListItem","position":3,"name":"Canal Willerois"}]},{"@type":"WebSite","@id":"https:\/\/www.willersurthur.fr\/#website","url":"https:\/\/www.willersurthur.fr\/","name":"Willer-sur-Thur, le site officiel","description":"Bienvenue sur le site officiel de Willer-sur-Thur, 4\u00e8me commune foresti\u00e8re du d\u00e9partement du Haut-Rhin en Alsace.","potentialAction":[{"@type":"SearchAction","target":{"@type":"EntryPoint","urlTemplate":"https:\/\/www.willersurthur.fr\/?s={search_term_string}"},"query-input":{"@type":"PropertyValueSpecification","valueRequired":true,"valueName":"search_term_string"}}],"inLanguage":"fr-FR"}]}},"ACF":false,"_links":{"self":[{"href":"https:\/\/www.willersurthur.fr\/api\/wp\/v2\/pages\/816","targetHints":{"allow":["GET"]}}],"collection":[{"href":"https:\/\/www.willersurthur.fr\/api\/wp\/v2\/pages"}],"about":[{"href":"https:\/\/www.willersurthur.fr\/api\/wp\/v2\/types\/page"}],"author":[{"embeddable":true,"href":"https:\/\/www.willersurthur.fr\/api\/wp\/v2\/users\/2"}],"replies":[{"embeddable":true,"href":"https:\/\/www.willersurthur.fr\/api\/wp\/v2\/comments?post=816"}],"version-history":[{"count":4,"href":"https:\/\/www.willersurthur.fr\/api\/wp\/v2\/pages\/816\/revisions"}],"predecessor-version":[{"id":822,"href":"https:\/\/www.willersurthur.fr\/api\/wp\/v2\/pages\/816\/revisions\/822"}],"up":[{"embeddable":true,"href":"https:\/\/www.willersurthur.fr\/api\/wp\/v2\/pages\/456"}],"wp:attachment":[{"href":"https:\/\/www.willersurthur.fr\/api\/wp\/v2\/media?parent=816"}],"curies":[{"name":"wp","href":"https:\/\/api.w.org\/{rel}","templated":true}]}}

<h1 class="wp-block-heading">Canal Willerois</h1>



<div class="wp-block-columns is-layout-flex wp-container-core-columns-is-layout-28f84493 wp-block-columns-is-layout-flex">
<div class="wp-block-column is-layout-flow wp-block-column-is-layout-flow">
<div class="wp-block-columns is-layout-flex wp-container-core-columns-is-layout-28f84493 wp-block-columns-is-layout-flex">
<div class="wp-block-column is-layout-flow wp-block-column-is-layout-flow">
<p>Canal d’information privilégié, le réseau câblé du village permet à plus de 400 foyers de suivre les infos willeroises sur le téléviseur. Voir le programme en cours</p>


<div id="div_block-1-821" class="ct-div-block" ><div id="video-2-821" class="ct-video" >
        		<div class="oxygen-vsb-responsive-video-wrapper oxygen-vsb-responsive-video-wrapper-custom"><iframe loading="lazy" src="https://player.vimeo.com/video/529260853?h=d3855761be&autoplay=1&loop=1" width="640" height="480" frameborder="0" allow="autoplay; fullscreen; picture-in-picture" allowfullscreen></iframe></div>
		        </div></div></div>
</div>
</div>
</div>

<p>Canal Willerois Canal d’information privilégié, le réseau câblé du village permet à plus de 400 foyers de suivre les infos willeroises sur le téléviseur. Voir le programme en cours</p>

<!-- This site is optimized with the Yoast SEO plugin v27.4 - https://yoast.com/product/yoast-seo-wordpress/ -->
<title>Canal Willerois - Willer-sur-Thur, le site officiel</title>
<meta name="robots" content="index, follow, max-snippet:-1, max-image-preview:large, max-video-preview:-1" />
<link rel="canonical" href="https://www.willersurthur.fr/vie-pratique/canal-willerois/" />
<meta property="og:locale" content="fr_FR" />
<meta property="og:type" content="article" />
<meta property="og:title" content="Canal Willerois - Willer-sur-Thur, le site officiel" />
<meta property="og:description" content="Canal Willerois Canal d’information privilégié, le réseau câblé du village permet à plus de 400 foyers de suivre les infos willeroises sur le téléviseur. Voir le programme en cours" />
<meta property="og:url" content="https://www.willersurthur.fr/vie-pratique/canal-willerois/" />
<meta property="og:site_name" content="Willer-sur-Thur, le site officiel" />
<meta property="article:publisher" content="https://www.facebook.com/groups/360622284145/" />
<meta property="article:modified_time" content="2021-09-06T12:29:57+00:00" />
<meta name="twitter:card" content="summary_large_image" />
<script type="application/ld+json" class="yoast-schema-graph">{"@context":"https:\/\/schema.org","@graph":[{"@type":"WebPage","@id":"https:\/\/www.willersurthur.fr\/vie-pratique\/canal-willerois\/","url":"https:\/\/www.willersurthur.fr\/vie-pratique\/canal-willerois\/","name":"Canal Willerois - Willer-sur-Thur, le site officiel","isPartOf":{"@id":"https:\/\/www.willersurthur.fr\/#website"},"datePublished":"2021-09-06T12:08:41+00:00","dateModified":"2021-09-06T12:29:57+00:00","breadcrumb":{"@id":"https:\/\/www.willersurthur.fr\/vie-pratique\/canal-willerois\/#breadcrumb"},"inLanguage":"fr-FR","potentialAction":[{"@type":"ReadAction","target":["https:\/\/www.willersurthur.fr\/vie-pratique\/canal-willerois\/"]}]},{"@type":"BreadcrumbList","@id":"https:\/\/www.willersurthur.fr\/vie-pratique\/canal-willerois\/#breadcrumb","itemListElement":[{"@type":"ListItem","position":1,"name":"Accueil","item":"https:\/\/www.willersurthur.fr\/"},{"@type":"ListItem","position":2,"name":"Village et vie pratique","item":"https:\/\/www.willersurthur.fr\/vie-pratique\/"},{"@type":"ListItem","position":3,"name":"Canal Willerois"}]},{"@type":"WebSite","@id":"https:\/\/www.willersurthur.fr\/#website","url":"https:\/\/www.willersurthur.fr\/","name":"Willer-sur-Thur, le site officiel","description":"Bienvenue sur le site officiel de Willer-sur-Thur, 4ème commune forestière du département du Haut-Rhin en Alsace.","potentialAction":[{"@type":"SearchAction","target":{"@type":"EntryPoint","urlTemplate":"https:\/\/www.willersurthur.fr\/?s={search_term_string}"},"query-input":{"@type":"PropertyValueSpecification","valueRequired":true,"valueName":"search_term_string"}}],"inLanguage":"fr-FR"}]}</script>
<!-- / Yoast SEO plugin. -->

Canal Willerois Canal d’information privilégié, le réseau câblé du village permet à plus de 400 foyers de suivre les infos willeroises sur le téléviseur. Voir le programme en cours

Bienvenue sur le site officiel de Willer-sur-Thur, 4ème commune forestière du département du Haut-Rhin en Alsace.
