{"id":715,"date":"2021-07-30T14:42:36","date_gmt":"2021-07-30T14:42:36","guid":{"rendered":"https:\/\/www.willersurthur.fr\/?page_id=715"},"modified":"2021-10-15T13:05:03","modified_gmt":"2021-10-15T13:05:03","slug":"entreprises","status":"publish","type":"page","link":"https:\/\/www.willersurthur.fr\/economie\/entreprises\/","title":{"rendered":"Entreprises"},"content":{"rendered":"\n<h1 class=\"wp-block-heading\">Les entreprises<\/h1>\n\n\n\n<p><\/p>\n\n\n\n<h2 class=\"wp-block-heading\">Le r\u00f4le \u00e9conomique des artisans et PME<\/h2>\n\n\n\n<p><\/p>\n\n\n\n<p>Les artisans de proximit\u00e9 sont d\u00e9terminants dans la vie d\u2019un village. Voici les coordonn\u00e9es de chacun d\u2019entre eux, \u00e0 port\u00e9e de clic !<\/p>\n\n\n\n<p>Tous les corps de m\u00e9tiers \u00e0 votre service.<\/p>\n\n\n\n<p><em>Liste \u00e9tablie selon les informations en notre possession.<\/em><br><em>Pour modifier vos donn\u00e9es ou figurer dans cette liste veuillez contacter le secr\u00e9tariat de la mairie par t\u00e9l\u00e9phone au 03.89.38.16.50 ou par mail \u00e0 <a href=\"mailto:mairie@willersurthur.fr\" target=\"_blank\" rel=\"noreferrer noopener\">mairie@willersurthur.fr<\/a><\/em><\/p>\n\n\n<div id=\"div_block-4-2\" class=\"ct-div-block\"  data-aos=\"fade-up\">        \n                <div id=\"_posts_grid-54-519\" class='oxy-easy-posts oxy-posts-grid' >\n                                    <div class='oxy-posts'>\n                     <div class='oxy-post container-association'>\n  \n  \n\n\t<div class='oxy-post-meta liste-association'>\n\n\t\t\n\t\t\n\t\t\t\t<img decoding=\"async\" class=\"image-association\" src=\"https:\/\/www.willersurthur.fr\/wp-content\/uploads\/2021\/05\/Capture-de\u0301cran-2021-05-17-a\u0300-22.58.13-e1627657107827-1024x437.png\" alt=\"Capture d\u2019e\u0301cran 2021-05-17 a\u0300 22.58.13\" \/>\n\t\t\n\t\t\t\n\t\t\t\n\t\t\n\t\t<!--<a class='oxy-post-title' href='https:\/\/www.willersurthur.fr\/entreprises\/boucherie\/'>Boucherie \"Chez Laurent\"<\/a>-->\n\n\t\t<h3 class=\"titre-association\">Boucherie \"Chez Laurent\"<\/h3>\n\t\t<h4 class=\"titre-association\">Boucherie Chez Laurent<\/h4>\n\t\t<span class=\"span-association\"><strong>G\u00e9rant : <\/strong>Laurent Brunn<\/span>\n\t\t<span class=\"span-association\"><strong>Adresse : <\/strong>27a rue de la Grande Arm\u00e9e 68760 WILLER SUR THUR<\/span>\n\t\t\t\t\t\t\t<span class=\"span-association\"><strong>Description :<\/strong>\n\t\t\tBoucherie traditionnelle Lorem ipsum dolor sit amet, consectetur adipiscing elit, sed do eiusmod tempor incididunt ut labore et dolore magna aliqua. Ut enim ad minim veniam, quis nostrud exercitation ullamco laboris nisi ut <\/span>\t\n\t\t\t\t\n\t\t\n\t\t\t\t\t\t\t<span class=\"span-association\"><strong>Email :<\/strong>\n\t\t\t\t<a class=\"lien-association\" href='mailto:boucherie@laurent.fr' rel=\"nofollow\" target=\"_blank\">\n\t\t\tboucherie@laurent.fr<\/a><\/span>\t\n\t\t\t\t\n\t\t\n\t\t\n\t\t\t\t\t\t\t<span class=\"span-association\"><strong>T\u00e9l\u00e9phone :<\/strong>\n\t\t\t08.99.99.99.99<\/span>\t\n\t\t\t\t\t\t\t\t\n\t\t\t\t\n\t\t\t\t\t\t\t<span class=\"span-association\"><strong>Site internet :<\/strong>\n\t\t\t\t<a class=\"lien-association\" href='http:\/\/willersurthur.fr' rel=\"nofollow\" target=\"_blank\">\n\t\t\thttp:\/\/willersurthur.fr<\/a><\/span>\t\n\t\t\t\n\t<\/div>\n\n\t<div class='oxy-post-content'>\n\t\t\t<\/div>\n\n\n<\/div> <div class='oxy-post container-association'>\n  \n  \n\n\t<div class='oxy-post-meta liste-association'>\n\n\t\t\n\t\t\n\t\t\t\t<img decoding=\"async\" class=\"image-association\" src=\"https:\/\/www.willersurthur.fr\/wp-content\/uploads\/2021\/05\/Capture-de\u0301cran-2021-05-17-a\u0300-22.58.46-1024x622.png\" alt=\"Capture d\u2019e\u0301cran 2021-05-17 a\u0300 22.58.46\" \/>\n\t\t\n\t\t\t\n\t\t\t\n\t\t\n\t\t<!--<a class='oxy-post-title' href='https:\/\/www.willersurthur.fr\/entreprises\/tabac-souvenir-haller\/'>Tabac Poste Cathy Faure<\/a>-->\n\n\t\t<h3 class=\"titre-association\">Tabac Poste Cathy Faure<\/h3>\n\t\t<h4 class=\"titre-association\">Tabac Souvenir Haller<\/h4>\n\t\t<span class=\"span-association\"><strong>G\u00e9rant : <\/strong>Pierette Haller<\/span>\n\t\t<span class=\"span-association\"><strong>Adresse : <\/strong>34 Rue de la Grande Arm\u00e9e, 68760 Willer-sur-Thur<\/span>\n\t\t\t\t\t\t\t<span class=\"span-association\"><strong>Description :<\/strong>\n\t\t\tTabac Souvenir et relais poste et francaise des jeux.<\/span>\t\n\t\t\t\t\n\t\t\n\t\t\t\t\n\t\t\n\t\t\n\t\t\t\t\t\t\t<span class=\"span-association\"><strong>T\u00e9l\u00e9phone :<\/strong>\n\t\t\t03 89 38 93 09<\/span>\t\n\t\t\t\t\t\t\t\t\n\t\t\t\t\n\t\t\t\n\t<\/div>\n\n\t<div class='oxy-post-content'>\n\t\t\t<\/div>\n\n\n<\/div>                <\/div>\n                                <div class='oxy-easy-posts-pages'>\n                                    <\/div>\n                                            <\/div>\n                <\/div>","protected":false},"excerpt":{"rendered":"<p>Les entreprises Le r\u00f4le \u00e9conomique des artisans et PME Les artisans de proximit\u00e9 sont d\u00e9terminants dans la vie d\u2019un village. Voici les coordonn\u00e9es de chacun d\u2019entre eux, \u00e0 port\u00e9e de clic ! Tous les corps de m\u00e9tiers \u00e0 votre service. Liste \u00e9tablie selon les informations en notre possession.Pour modifier vos donn\u00e9es ou figurer dans cette [&hellip;]<\/p>\n","protected":false},"author":2,"featured_media":0,"parent":703,"menu_order":0,"comment_status":"closed","ping_status":"closed","template":"","meta":{"_acf_changed":false,"footnotes":""},"class_list":["post-715","page","type-page","status-publish","hentry"],"acf":[],"yoast_head":"<!-- This site is optimized with the Yoast SEO plugin v27.4 - https:\/\/yoast.com\/product\/yoast-seo-wordpress\/ -->\n<title>Entreprises - Entreprises et artisans de Willer-sur-Thur<\/title>\n<meta name=\"robots\" content=\"index, follow, max-snippet:-1, max-image-preview:large, max-video-preview:-1\" \/>\n<link rel=\"canonical\" href=\"https:\/\/www.willersurthur.fr\/economie\/entreprises\/\" \/>\n<meta property=\"og:locale\" content=\"fr_FR\" \/>\n<meta property=\"og:type\" content=\"article\" \/>\n<meta property=\"og:title\" content=\"Entreprises - Entreprises et artisans de Willer-sur-Thur\" \/>\n<meta property=\"og:description\" content=\"Les entreprises Le r\u00f4le \u00e9conomique des artisans et PME Les artisans de proximit\u00e9 sont d\u00e9terminants dans la vie d\u2019un village. Voici les coordonn\u00e9es de chacun d\u2019entre eux, \u00e0 port\u00e9e de clic ! Tous les corps de m\u00e9tiers \u00e0 votre service. Liste \u00e9tablie selon les informations en notre possession.Pour modifier vos donn\u00e9es ou figurer dans cette [&hellip;]\" \/>\n<meta property=\"og:url\" content=\"https:\/\/www.willersurthur.fr\/economie\/entreprises\/\" \/>\n<meta property=\"og:site_name\" content=\"Willer-sur-Thur, le site officiel\" \/>\n<meta property=\"article:publisher\" content=\"https:\/\/www.facebook.com\/groups\/360622284145\/\" \/>\n<meta property=\"article:modified_time\" content=\"2021-10-15T13:05:03+00:00\" \/>\n<meta name=\"twitter:card\" content=\"summary_large_image\" \/>\n<meta name=\"twitter:label1\" content=\"Dur\u00e9e de lecture estim\u00e9e\" \/>\n\t<meta name=\"twitter:data1\" content=\"1 minute\" \/>\n<script type=\"application\/ld+json\" class=\"yoast-schema-graph\">{\"@context\":\"https:\\\/\\\/schema.org\",\"@graph\":[{\"@type\":\"WebPage\",\"@id\":\"https:\\\/\\\/www.willersurthur.fr\\\/economie\\\/entreprises\\\/\",\"url\":\"https:\\\/\\\/www.willersurthur.fr\\\/economie\\\/entreprises\\\/\",\"name\":\"Entreprises - Entreprises et artisans de Willer-sur-Thur\",\"isPartOf\":{\"@id\":\"https:\\\/\\\/www.willersurthur.fr\\\/#website\"},\"datePublished\":\"2021-07-30T14:42:36+00:00\",\"dateModified\":\"2021-10-15T13:05:03+00:00\",\"breadcrumb\":{\"@id\":\"https:\\\/\\\/www.willersurthur.fr\\\/economie\\\/entreprises\\\/#breadcrumb\"},\"inLanguage\":\"fr-FR\",\"potentialAction\":[{\"@type\":\"ReadAction\",\"target\":[\"https:\\\/\\\/www.willersurthur.fr\\\/economie\\\/entreprises\\\/\"]}]},{\"@type\":\"BreadcrumbList\",\"@id\":\"https:\\\/\\\/www.willersurthur.fr\\\/economie\\\/entreprises\\\/#breadcrumb\",\"itemListElement\":[{\"@type\":\"ListItem\",\"position\":1,\"name\":\"Accueil\",\"item\":\"https:\\\/\\\/www.willersurthur.fr\\\/\"},{\"@type\":\"ListItem\",\"position\":2,\"name\":\"\u00c9conomie\",\"item\":\"https:\\\/\\\/www.willersurthur.fr\\\/economie\\\/\"},{\"@type\":\"ListItem\",\"position\":3,\"name\":\"Entreprises\"}]},{\"@type\":\"WebSite\",\"@id\":\"https:\\\/\\\/www.willersurthur.fr\\\/#website\",\"url\":\"https:\\\/\\\/www.willersurthur.fr\\\/\",\"name\":\"Willer-sur-Thur, le site officiel\",\"description\":\"Bienvenue sur le site officiel de Willer-sur-Thur, 4\u00e8me commune foresti\u00e8re du d\u00e9partement du Haut-Rhin en Alsace.\",\"potentialAction\":[{\"@type\":\"SearchAction\",\"target\":{\"@type\":\"EntryPoint\",\"urlTemplate\":\"https:\\\/\\\/www.willersurthur.fr\\\/?s={search_term_string}\"},\"query-input\":{\"@type\":\"PropertyValueSpecification\",\"valueRequired\":true,\"valueName\":\"search_term_string\"}}],\"inLanguage\":\"fr-FR\"}]}<\/script>\n<!-- \/ Yoast SEO plugin. -->","yoast_head_json":{"title":"Entreprises - Entreprises et artisans de Willer-sur-Thur","robots":{"index":"index","follow":"follow","max-snippet":"max-snippet:-1","max-image-preview":"max-image-preview:large","max-video-preview":"max-video-preview:-1"},"canonical":"https:\/\/www.willersurthur.fr\/economie\/entreprises\/","og_locale":"fr_FR","og_type":"article","og_title":"Entreprises - Entreprises et artisans de Willer-sur-Thur","og_description":"Les entreprises Le r\u00f4le \u00e9conomique des artisans et PME Les artisans de proximit\u00e9 sont d\u00e9terminants dans la vie d\u2019un village. Voici les coordonn\u00e9es de chacun d\u2019entre eux, \u00e0 port\u00e9e de clic ! Tous les corps de m\u00e9tiers \u00e0 votre service. Liste \u00e9tablie selon les informations en notre possession.Pour modifier vos donn\u00e9es ou figurer dans cette [&hellip;]","og_url":"https:\/\/www.willersurthur.fr\/economie\/entreprises\/","og_site_name":"Willer-sur-Thur, le site officiel","article_publisher":"https:\/\/www.facebook.com\/groups\/360622284145\/","article_modified_time":"2021-10-15T13:05:03+00:00","twitter_card":"summary_large_image","twitter_misc":{"Dur\u00e9e de lecture estim\u00e9e":"1 minute"},"schema":{"@context":"https:\/\/schema.org","@graph":[{"@type":"WebPage","@id":"https:\/\/www.willersurthur.fr\/economie\/entreprises\/","url":"https:\/\/www.willersurthur.fr\/economie\/entreprises\/","name":"Entreprises - Entreprises et artisans de Willer-sur-Thur","isPartOf":{"@id":"https:\/\/www.willersurthur.fr\/#website"},"datePublished":"2021-07-30T14:42:36+00:00","dateModified":"2021-10-15T13:05:03+00:00","breadcrumb":{"@id":"https:\/\/www.willersurthur.fr\/economie\/entreprises\/#breadcrumb"},"inLanguage":"fr-FR","potentialAction":[{"@type":"ReadAction","target":["https:\/\/www.willersurthur.fr\/economie\/entreprises\/"]}]},{"@type":"BreadcrumbList","@id":"https:\/\/www.willersurthur.fr\/economie\/entreprises\/#breadcrumb","itemListElement":[{"@type":"ListItem","position":1,"name":"Accueil","item":"https:\/\/www.willersurthur.fr\/"},{"@type":"ListItem","position":2,"name":"\u00c9conomie","item":"https:\/\/www.willersurthur.fr\/economie\/"},{"@type":"ListItem","position":3,"name":"Entreprises"}]},{"@type":"WebSite","@id":"https:\/\/www.willersurthur.fr\/#website","url":"https:\/\/www.willersurthur.fr\/","name":"Willer-sur-Thur, le site officiel","description":"Bienvenue sur le site officiel de Willer-sur-Thur, 4\u00e8me commune foresti\u00e8re du d\u00e9partement du Haut-Rhin en Alsace.","potentialAction":[{"@type":"SearchAction","target":{"@type":"EntryPoint","urlTemplate":"https:\/\/www.willersurthur.fr\/?s={search_term_string}"},"query-input":{"@type":"PropertyValueSpecification","valueRequired":true,"valueName":"search_term_string"}}],"inLanguage":"fr-FR"}]}},"ACF":false,"_links":{"self":[{"href":"https:\/\/www.willersurthur.fr\/api\/wp\/v2\/pages\/715","targetHints":{"allow":["GET"]}}],"collection":[{"href":"https:\/\/www.willersurthur.fr\/api\/wp\/v2\/pages"}],"about":[{"href":"https:\/\/www.willersurthur.fr\/api\/wp\/v2\/types\/page"}],"author":[{"embeddable":true,"href":"https:\/\/www.willersurthur.fr\/api\/wp\/v2\/users\/2"}],"replies":[{"embeddable":true,"href":"https:\/\/www.willersurthur.fr\/api\/wp\/v2\/comments?post=715"}],"version-history":[{"count":7,"href":"https:\/\/www.willersurthur.fr\/api\/wp\/v2\/pages\/715\/revisions"}],"predecessor-version":[{"id":777,"href":"https:\/\/www.willersurthur.fr\/api\/wp\/v2\/pages\/715\/revisions\/777"}],"up":[{"embeddable":true,"href":"https:\/\/www.willersurthur.fr\/api\/wp\/v2\/pages\/703"}],"wp:attachment":[{"href":"https:\/\/www.willersurthur.fr\/api\/wp\/v2\/media?parent=715"}],"curies":[{"name":"wp","href":"https:\/\/api.w.org\/{rel}","templated":true}]}}

<h1 class="wp-block-heading">Les entreprises</h1>



<p></p>



<h2 class="wp-block-heading">Le rôle économique des artisans et PME</h2>



<p></p>



<p>Les artisans de proximité sont déterminants dans la vie d’un village. Voici les coordonnées de chacun d’entre eux, à portée de clic !</p>



<p>Tous les corps de métiers à votre service.</p>



<p><em>Liste établie selon les informations en notre possession.</em><br><em>Pour modifier vos données ou figurer dans cette liste veuillez contacter le secrétariat de la mairie par téléphone au 03.89.38.16.50 ou par mail à <a href="mailto:mairie@willersurthur.fr" target="_blank" rel="noreferrer noopener">mairie@willersurthur.fr</a></em></p>


<div id="div_block-4-2" class="ct-div-block"  data-aos="fade-up">        
                <div id="_posts_grid-54-519" class='oxy-easy-posts oxy-posts-grid' >
                                    <div class='oxy-posts'>
                     <div class='oxy-post container-association'>
  
  

	<div class='oxy-post-meta liste-association'>

		
		
				<img decoding="async" class="image-association" src="https://www.willersurthur.fr/wp-content/uploads/2021/05/Capture-décran-2021-05-17-à-22.58.13-e1627657107827-1024x437.png" alt="Capture d’écran 2021-05-17 à 22.58.13" />
		
			
			
		
		<!--<a class='oxy-post-title' href='https://www.willersurthur.fr/entreprises/boucherie/'>Boucherie "Chez Laurent"</a>-->

		<h3 class="titre-association">Boucherie "Chez Laurent"</h3>
		<h4 class="titre-association">Boucherie Chez Laurent</h4>
		<span class="span-association"><strong>Gérant : </strong>Laurent Brunn</span>
		<span class="span-association"><strong>Adresse : </strong>27a rue de la Grande Armée 68760 WILLER SUR THUR</span>
							<span class="span-association"><strong>Description :</strong>
			Boucherie traditionnelle Lorem ipsum dolor sit amet, consectetur adipiscing elit, sed do eiusmod tempor incididunt ut labore et dolore magna aliqua. Ut enim ad minim veniam, quis nostrud exercitation ullamco laboris nisi ut </span>	
				
		
							<span class="span-association"><strong>Email :</strong>
				<a class="lien-association" href='mailto:boucherie@laurent.fr' rel="nofollow" target="_blank">
			boucherie@laurent.fr</a></span>	
				
		
		
							<span class="span-association"><strong>Téléphone :</strong>
			08.99.99.99.99</span>	
								
				
							<span class="span-association"><strong>Site internet :</strong>
				<a class="lien-association" href='http://willersurthur.fr' rel="nofollow" target="_blank">
			http://willersurthur.fr</a></span>	
			
	</div>

	<div class='oxy-post-content'>
			</div>


</div> <div class='oxy-post container-association'>
  
  

	<div class='oxy-post-meta liste-association'>

		
		
				<img decoding="async" class="image-association" src="https://www.willersurthur.fr/wp-content/uploads/2021/05/Capture-décran-2021-05-17-à-22.58.46-1024x622.png" alt="Capture d’écran 2021-05-17 à 22.58.46" />
		
			
			
		
		<!--<a class='oxy-post-title' href='https://www.willersurthur.fr/entreprises/tabac-souvenir-haller/'>Tabac Poste Cathy Faure</a>-->

		<h3 class="titre-association">Tabac Poste Cathy Faure</h3>
		<h4 class="titre-association">Tabac Souvenir Haller</h4>
		<span class="span-association"><strong>Gérant : </strong>Pierette Haller</span>
		<span class="span-association"><strong>Adresse : </strong>34 Rue de la Grande Armée, 68760 Willer-sur-Thur</span>
							<span class="span-association"><strong>Description :</strong>
			Tabac Souvenir et relais poste et francaise des jeux.</span>	
				
		
				
		
		
							<span class="span-association"><strong>Téléphone :</strong>
			03 89 38 93 09</span>	
								
				
			
	</div>

	<div class='oxy-post-content'>
			</div>


</div>                </div>
                                <div class='oxy-easy-posts-pages'>
                                    </div>
                                            </div>
                </div>

<p>Les entreprises Le rôle économique des artisans et PME Les artisans de proximité sont déterminants dans la vie d’un village. Voici les coordonnées de chacun d’entre eux, à portée de clic ! Tous les corps de métiers à votre service. Liste établie selon les informations en notre possession.Pour modifier vos données ou figurer dans cette [&hellip;]</p>

<!-- This site is optimized with the Yoast SEO plugin v27.4 - https://yoast.com/product/yoast-seo-wordpress/ -->
<title>Entreprises - Entreprises et artisans de Willer-sur-Thur</title>
<meta name="robots" content="index, follow, max-snippet:-1, max-image-preview:large, max-video-preview:-1" />
<link rel="canonical" href="https://www.willersurthur.fr/economie/entreprises/" />
<meta property="og:locale" content="fr_FR" />
<meta property="og:type" content="article" />
<meta property="og:title" content="Entreprises - Entreprises et artisans de Willer-sur-Thur" />
<meta property="og:description" content="Les entreprises Le rôle économique des artisans et PME Les artisans de proximité sont déterminants dans la vie d’un village. Voici les coordonnées de chacun d’entre eux, à portée de clic ! Tous les corps de métiers à votre service. Liste établie selon les informations en notre possession.Pour modifier vos données ou figurer dans cette [&hellip;]" />
<meta property="og:url" content="https://www.willersurthur.fr/economie/entreprises/" />
<meta property="og:site_name" content="Willer-sur-Thur, le site officiel" />
<meta property="article:publisher" content="https://www.facebook.com/groups/360622284145/" />
<meta property="article:modified_time" content="2021-10-15T13:05:03+00:00" />
<meta name="twitter:card" content="summary_large_image" />
<meta name="twitter:label1" content="Durée de lecture estimée" />
	<meta name="twitter:data1" content="1 minute" />
<script type="application/ld+json" class="yoast-schema-graph">{"@context":"https:\/\/schema.org","@graph":[{"@type":"WebPage","@id":"https:\/\/www.willersurthur.fr\/economie\/entreprises\/","url":"https:\/\/www.willersurthur.fr\/economie\/entreprises\/","name":"Entreprises - Entreprises et artisans de Willer-sur-Thur","isPartOf":{"@id":"https:\/\/www.willersurthur.fr\/#website"},"datePublished":"2021-07-30T14:42:36+00:00","dateModified":"2021-10-15T13:05:03+00:00","breadcrumb":{"@id":"https:\/\/www.willersurthur.fr\/economie\/entreprises\/#breadcrumb"},"inLanguage":"fr-FR","potentialAction":[{"@type":"ReadAction","target":["https:\/\/www.willersurthur.fr\/economie\/entreprises\/"]}]},{"@type":"BreadcrumbList","@id":"https:\/\/www.willersurthur.fr\/economie\/entreprises\/#breadcrumb","itemListElement":[{"@type":"ListItem","position":1,"name":"Accueil","item":"https:\/\/www.willersurthur.fr\/"},{"@type":"ListItem","position":2,"name":"Économie","item":"https:\/\/www.willersurthur.fr\/economie\/"},{"@type":"ListItem","position":3,"name":"Entreprises"}]},{"@type":"WebSite","@id":"https:\/\/www.willersurthur.fr\/#website","url":"https:\/\/www.willersurthur.fr\/","name":"Willer-sur-Thur, le site officiel","description":"Bienvenue sur le site officiel de Willer-sur-Thur, 4ème commune forestière du département du Haut-Rhin en Alsace.","potentialAction":[{"@type":"SearchAction","target":{"@type":"EntryPoint","urlTemplate":"https:\/\/www.willersurthur.fr\/?s={search_term_string}"},"query-input":{"@type":"PropertyValueSpecification","valueRequired":true,"valueName":"search_term_string"}}],"inLanguage":"fr-FR"}]}</script>
<!-- / Yoast SEO plugin. -->

Les entreprises Le rôle économique des artisans et PME Les artisans de proximité sont déterminants dans la vie d’un village. Voici les coordonnées de chacun d’entre eux, à portée de clic ! Tous les corps de métiers à votre service. Liste établie selon les informations en notre possession.Pour modifier vos données ou figurer dans cette [&hellip;]

Économie

Bienvenue sur le site officiel de Willer-sur-Thur, 4ème commune forestière du département du Haut-Rhin en Alsace.
