{"id":161,"date":"2021-07-02T14:13:49","date_gmt":"2021-07-02T14:13:49","guid":{"rendered":"https:\/\/www.willersurthur.fr\/?page_id=161"},"modified":"2022-01-22T08:32:25","modified_gmt":"2022-01-22T08:32:25","slug":"equipe-municipale","status":"publish","type":"page","link":"https:\/\/www.willersurthur.fr\/mairie\/equipe-municipale\/","title":{"rendered":"\u00c9quipe municipale"},"content":{"rendered":"<div id=\"div_conseil_municipal\" class=\"ct-div-block\"  data-aos=\"fade-up\"><h1 id=\"headline-5-2\" class=\"ct-headline\">Le conseil Municipal :<br><\/h1><h2 id=\"headline-49-172\" class=\"ct-headline\">Le mot du maire<br><\/h2><div id=\"text_mot_maire\" class=\"ct-text-block\" >Vous trouverez dans ce site un maximum d\u2019informations permettant d\u2019appr\u00e9cier notre village situ\u00e9 \u00e0 la fois sur l\u2019axe Suisse-B\u00e9n\u00e9lux et au pied du Grand Ballon, le point culminant du Massif Vosgien. Vous pourrez d\u00e9couvrir un ensemble de sentiers circulaires balis\u00e9s, pour votre plaisir. Aux abords de l\u2019\u00e9glise, comme sur les hauteurs environnantes, vous go\u00fbterez aux charmes de notre cit\u00e9, dans le respect de la nature et d\u2019une certaine qualit\u00e9 de vie.<br>Bon s\u00e9jour parmi nous !<br><br>Jean-Luc Martini<br>Maire<\/div><img decoding=\"async\"  id=\"image-30-172\" alt=\"conseil municipal de Willer sur Thur\" src=\"https:\/\/www.willersurthur.fr\/wp-content\/uploads\/2021\/07\/bann_conseil_2020.jpg\" class=\"ct-image\" data-aos=\"fade-up\"\/><div id=\"div_block-50-172\" class=\"ct-div-block\" ><div id=\"text_block-32-172\" class=\"ct-text-block\" >De gauche \u00e0 droite :<br><\/div><div id=\"new_columns-52-172\" class=\"ct-new-columns\" ><div id=\"div_block-53-172\" class=\"ct-div-block\" ><div id=\"_rich_text-65-172\" class=\"oxy-rich-text\" ><ul><li><strong>Patrick Frank<\/strong><\/li><li><strong>Philippe Schinzing<\/strong><\/li><li><strong>Aur\u00e9lie Mura<\/strong><\/li><li><strong>Alexandra Zeller<\/strong><\/li><li><strong>Jeremie Eyigunlu<\/strong><\/li><li><strong>Fatiha Chemaa<\/strong><\/li><li><strong>Jo\u00ebl Ehlinger<\/strong><\/li><\/ul><\/div><\/div><div id=\"div_block-54-172\" class=\"ct-div-block\" ><div id=\"_rich_text-68-172\" class=\"oxy-rich-text\" ><ul><li><strong>Sabrina Bonnefoy<\/strong><\/li><li><strong>St\u00e9phane Luttringer<\/strong><\/li><li><strong>Andr\u00e9e Burglen<\/strong><\/li><li><strong>Bernard Walter : <\/strong><em>1er adjoint au maire<\/em><\/li><li><strong>Isabelle Lett : <\/strong><em>2nde adjointe au maire<\/em><\/li><li><strong>Nadine Hans<\/strong><\/li><li><strong>Jean-Luc Martini : <\/strong><em>Maire<\/em><\/li><\/ul><\/div><\/div><div id=\"div_block-55-172\" class=\"ct-div-block\" ><div id=\"_rich_text-76-172\" class=\"oxy-rich-text\" ><ul><li><strong>Mathieu Capon: <\/strong><em>conseiller d\u00e9l\u00e9gu\u00e9 au num\u00e9rique<\/em><\/li><li><strong>Christiane Theiller : <\/strong><em>conseill\u00e8re d\u00e9l\u00e9gu\u00e9e \u00e0 l'animation<\/em><\/li><li><strong>Thomas Desaulles: <\/strong><em>conseiller d\u00e9l\u00e9gu\u00e9 \u00e0 l'environnement<\/em><\/li><li><strong>Christine Verrier<\/strong><\/li><li><strong>R\u00e9gis Nann : <\/strong><em>3\u00e8me adjoint au maire<\/em><\/li><\/ul><\/div><\/div><\/div><\/div><\/div>","protected":false},"excerpt":{"rendered":"","protected":false},"author":2,"featured_media":0,"parent":142,"menu_order":0,"comment_status":"closed","ping_status":"closed","template":"","meta":{"_acf_changed":false,"footnotes":""},"class_list":["post-161","page","type-page","status-publish","hentry"],"acf":[],"yoast_head":"<!-- This site is optimized with the Yoast SEO plugin v27.4 - https:\/\/yoast.com\/product\/yoast-seo-wordpress\/ -->\n<title>\u00c9quipe municipale - Pr\u00e9sentation du conseil municipal<\/title>\n<meta name=\"robots\" content=\"index, follow, max-snippet:-1, max-image-preview:large, max-video-preview:-1\" \/>\n<link rel=\"canonical\" href=\"https:\/\/www.willersurthur.fr\/mairie\/equipe-municipale\/\" \/>\n<meta property=\"og:locale\" content=\"fr_FR\" \/>\n<meta property=\"og:type\" content=\"article\" \/>\n<meta property=\"og:title\" content=\"\u00c9quipe municipale - Pr\u00e9sentation du conseil municipal\" \/>\n<meta property=\"og:url\" content=\"https:\/\/www.willersurthur.fr\/mairie\/equipe-municipale\/\" \/>\n<meta property=\"og:site_name\" content=\"Willer-sur-Thur, le site officiel\" \/>\n<meta property=\"article:publisher\" content=\"https:\/\/www.facebook.com\/groups\/360622284145\/\" \/>\n<meta property=\"article:modified_time\" content=\"2022-01-22T08:32:25+00:00\" \/>\n<meta name=\"twitter:card\" content=\"summary_large_image\" \/>\n<script type=\"application\/ld+json\" class=\"yoast-schema-graph\">{\"@context\":\"https:\\\/\\\/schema.org\",\"@graph\":[{\"@type\":\"WebPage\",\"@id\":\"https:\\\/\\\/www.willersurthur.fr\\\/mairie\\\/equipe-municipale\\\/\",\"url\":\"https:\\\/\\\/www.willersurthur.fr\\\/mairie\\\/equipe-municipale\\\/\",\"name\":\"\u00c9quipe municipale - Pr\u00e9sentation du conseil municipal\",\"isPartOf\":{\"@id\":\"https:\\\/\\\/www.willersurthur.fr\\\/#website\"},\"datePublished\":\"2021-07-02T14:13:49+00:00\",\"dateModified\":\"2022-01-22T08:32:25+00:00\",\"breadcrumb\":{\"@id\":\"https:\\\/\\\/www.willersurthur.fr\\\/mairie\\\/equipe-municipale\\\/#breadcrumb\"},\"inLanguage\":\"fr-FR\",\"potentialAction\":[{\"@type\":\"ReadAction\",\"target\":[\"https:\\\/\\\/www.willersurthur.fr\\\/mairie\\\/equipe-municipale\\\/\"]}]},{\"@type\":\"BreadcrumbList\",\"@id\":\"https:\\\/\\\/www.willersurthur.fr\\\/mairie\\\/equipe-municipale\\\/#breadcrumb\",\"itemListElement\":[{\"@type\":\"ListItem\",\"position\":1,\"name\":\"Accueil\",\"item\":\"https:\\\/\\\/www.willersurthur.fr\\\/\"},{\"@type\":\"ListItem\",\"position\":2,\"name\":\"Mairie\",\"item\":\"https:\\\/\\\/www.willersurthur.fr\\\/mairie\\\/\"},{\"@type\":\"ListItem\",\"position\":3,\"name\":\"\u00c9quipe municipale\"}]},{\"@type\":\"WebSite\",\"@id\":\"https:\\\/\\\/www.willersurthur.fr\\\/#website\",\"url\":\"https:\\\/\\\/www.willersurthur.fr\\\/\",\"name\":\"Willer-sur-Thur, le site officiel\",\"description\":\"Bienvenue sur le site officiel de Willer-sur-Thur, 4\u00e8me commune foresti\u00e8re du d\u00e9partement du Haut-Rhin en Alsace.\",\"potentialAction\":[{\"@type\":\"SearchAction\",\"target\":{\"@type\":\"EntryPoint\",\"urlTemplate\":\"https:\\\/\\\/www.willersurthur.fr\\\/?s={search_term_string}\"},\"query-input\":{\"@type\":\"PropertyValueSpecification\",\"valueRequired\":true,\"valueName\":\"search_term_string\"}}],\"inLanguage\":\"fr-FR\"}]}<\/script>\n<!-- \/ Yoast SEO plugin. -->","yoast_head_json":{"title":"\u00c9quipe municipale - Pr\u00e9sentation du conseil municipal","robots":{"index":"index","follow":"follow","max-snippet":"max-snippet:-1","max-image-preview":"max-image-preview:large","max-video-preview":"max-video-preview:-1"},"canonical":"https:\/\/www.willersurthur.fr\/mairie\/equipe-municipale\/","og_locale":"fr_FR","og_type":"article","og_title":"\u00c9quipe municipale - Pr\u00e9sentation du conseil municipal","og_url":"https:\/\/www.willersurthur.fr\/mairie\/equipe-municipale\/","og_site_name":"Willer-sur-Thur, le site officiel","article_publisher":"https:\/\/www.facebook.com\/groups\/360622284145\/","article_modified_time":"2022-01-22T08:32:25+00:00","twitter_card":"summary_large_image","schema":{"@context":"https:\/\/schema.org","@graph":[{"@type":"WebPage","@id":"https:\/\/www.willersurthur.fr\/mairie\/equipe-municipale\/","url":"https:\/\/www.willersurthur.fr\/mairie\/equipe-municipale\/","name":"\u00c9quipe municipale - Pr\u00e9sentation du conseil municipal","isPartOf":{"@id":"https:\/\/www.willersurthur.fr\/#website"},"datePublished":"2021-07-02T14:13:49+00:00","dateModified":"2022-01-22T08:32:25+00:00","breadcrumb":{"@id":"https:\/\/www.willersurthur.fr\/mairie\/equipe-municipale\/#breadcrumb"},"inLanguage":"fr-FR","potentialAction":[{"@type":"ReadAction","target":["https:\/\/www.willersurthur.fr\/mairie\/equipe-municipale\/"]}]},{"@type":"BreadcrumbList","@id":"https:\/\/www.willersurthur.fr\/mairie\/equipe-municipale\/#breadcrumb","itemListElement":[{"@type":"ListItem","position":1,"name":"Accueil","item":"https:\/\/www.willersurthur.fr\/"},{"@type":"ListItem","position":2,"name":"Mairie","item":"https:\/\/www.willersurthur.fr\/mairie\/"},{"@type":"ListItem","position":3,"name":"\u00c9quipe municipale"}]},{"@type":"WebSite","@id":"https:\/\/www.willersurthur.fr\/#website","url":"https:\/\/www.willersurthur.fr\/","name":"Willer-sur-Thur, le site officiel","description":"Bienvenue sur le site officiel de Willer-sur-Thur, 4\u00e8me commune foresti\u00e8re du d\u00e9partement du Haut-Rhin en Alsace.","potentialAction":[{"@type":"SearchAction","target":{"@type":"EntryPoint","urlTemplate":"https:\/\/www.willersurthur.fr\/?s={search_term_string}"},"query-input":{"@type":"PropertyValueSpecification","valueRequired":true,"valueName":"search_term_string"}}],"inLanguage":"fr-FR"}]}},"ACF":false,"_links":{"self":[{"href":"https:\/\/www.willersurthur.fr\/api\/wp\/v2\/pages\/161","targetHints":{"allow":["GET"]}}],"collection":[{"href":"https:\/\/www.willersurthur.fr\/api\/wp\/v2\/pages"}],"about":[{"href":"https:\/\/www.willersurthur.fr\/api\/wp\/v2\/types\/page"}],"author":[{"embeddable":true,"href":"https:\/\/www.willersurthur.fr\/api\/wp\/v2\/users\/2"}],"replies":[{"embeddable":true,"href":"https:\/\/www.willersurthur.fr\/api\/wp\/v2\/comments?post=161"}],"version-history":[{"count":10,"href":"https:\/\/www.willersurthur.fr\/api\/wp\/v2\/pages\/161\/revisions"}],"predecessor-version":[{"id":1081,"href":"https:\/\/www.willersurthur.fr\/api\/wp\/v2\/pages\/161\/revisions\/1081"}],"up":[{"embeddable":true,"href":"https:\/\/www.willersurthur.fr\/api\/wp\/v2\/pages\/142"}],"wp:attachment":[{"href":"https:\/\/www.willersurthur.fr\/api\/wp\/v2\/media?parent=161"}],"curies":[{"name":"wp","href":"https:\/\/api.w.org\/{rel}","templated":true}]}}

Équipe municipale

<div id="div_conseil_municipal" class="ct-div-block"  data-aos="fade-up"><h1 id="headline-5-2" class="ct-headline">Le conseil Municipal :<br></h1><h2 id="headline-49-172" class="ct-headline">Le mot du maire<br></h2><div id="text_mot_maire" class="ct-text-block" >Vous trouverez dans ce site un maximum d’informations permettant d’apprécier notre village situé à la fois sur l’axe Suisse-Bénélux et au pied du Grand Ballon, le point culminant du Massif Vosgien. Vous pourrez découvrir un ensemble de sentiers circulaires balisés, pour votre plaisir. Aux abords de l’église, comme sur les hauteurs environnantes, vous goûterez aux charmes de notre cité, dans le respect de la nature et d’une certaine qualité de vie.<br>Bon séjour parmi nous !<br><br>Jean-Luc Martini<br>Maire</div><img decoding="async"  id="image-30-172" alt="conseil municipal de Willer sur Thur" src="https://www.willersurthur.fr/wp-content/uploads/2021/07/bann_conseil_2020.jpg" class="ct-image" data-aos="fade-up"/><div id="div_block-50-172" class="ct-div-block" ><div id="text_block-32-172" class="ct-text-block" >De gauche à droite :<br></div><div id="new_columns-52-172" class="ct-new-columns" ><div id="div_block-53-172" class="ct-div-block" ><div id="_rich_text-65-172" class="oxy-rich-text" ><ul><li><strong>Patrick Frank</strong></li><li><strong>Philippe Schinzing</strong></li><li><strong>Aurélie Mura</strong></li><li><strong>Alexandra Zeller</strong></li><li><strong>Jeremie Eyigunlu</strong></li><li><strong>Fatiha Chemaa</strong></li><li><strong>Joël Ehlinger</strong></li></ul></div></div><div id="div_block-54-172" class="ct-div-block" ><div id="_rich_text-68-172" class="oxy-rich-text" ><ul><li><strong>Sabrina Bonnefoy</strong></li><li><strong>Stéphane Luttringer</strong></li><li><strong>Andrée Burglen</strong></li><li><strong>Bernard Walter : </strong><em>1er adjoint au maire</em></li><li><strong>Isabelle Lett : </strong><em>2nde adjointe au maire</em></li><li><strong>Nadine Hans</strong></li><li><strong>Jean-Luc Martini : </strong><em>Maire</em></li></ul></div></div><div id="div_block-55-172" class="ct-div-block" ><div id="_rich_text-76-172" class="oxy-rich-text" ><ul><li><strong>Mathieu Capon: </strong><em>conseiller délégué au numérique</em></li><li><strong>Christiane Theiller : </strong><em>conseillère déléguée à l'animation</em></li><li><strong>Thomas Desaulles: </strong><em>conseiller délégué à l'environnement</em></li><li><strong>Christine Verrier</strong></li><li><strong>Régis Nann : </strong><em>3ème adjoint au maire</em></li></ul></div></div></div></div></div>

<!-- This site is optimized with the Yoast SEO plugin v27.4 - https://yoast.com/product/yoast-seo-wordpress/ -->
<title>Équipe municipale - Présentation du conseil municipal</title>
<meta name="robots" content="index, follow, max-snippet:-1, max-image-preview:large, max-video-preview:-1" />
<link rel="canonical" href="https://www.willersurthur.fr/mairie/equipe-municipale/" />
<meta property="og:locale" content="fr_FR" />
<meta property="og:type" content="article" />
<meta property="og:title" content="Équipe municipale - Présentation du conseil municipal" />
<meta property="og:url" content="https://www.willersurthur.fr/mairie/equipe-municipale/" />
<meta property="og:site_name" content="Willer-sur-Thur, le site officiel" />
<meta property="article:publisher" content="https://www.facebook.com/groups/360622284145/" />
<meta property="article:modified_time" content="2022-01-22T08:32:25+00:00" />
<meta name="twitter:card" content="summary_large_image" />
<script type="application/ld+json" class="yoast-schema-graph">{"@context":"https:\/\/schema.org","@graph":[{"@type":"WebPage","@id":"https:\/\/www.willersurthur.fr\/mairie\/equipe-municipale\/","url":"https:\/\/www.willersurthur.fr\/mairie\/equipe-municipale\/","name":"Équipe municipale - Présentation du conseil municipal","isPartOf":{"@id":"https:\/\/www.willersurthur.fr\/#website"},"datePublished":"2021-07-02T14:13:49+00:00","dateModified":"2022-01-22T08:32:25+00:00","breadcrumb":{"@id":"https:\/\/www.willersurthur.fr\/mairie\/equipe-municipale\/#breadcrumb"},"inLanguage":"fr-FR","potentialAction":[{"@type":"ReadAction","target":["https:\/\/www.willersurthur.fr\/mairie\/equipe-municipale\/"]}]},{"@type":"BreadcrumbList","@id":"https:\/\/www.willersurthur.fr\/mairie\/equipe-municipale\/#breadcrumb","itemListElement":[{"@type":"ListItem","position":1,"name":"Accueil","item":"https:\/\/www.willersurthur.fr\/"},{"@type":"ListItem","position":2,"name":"Mairie","item":"https:\/\/www.willersurthur.fr\/mairie\/"},{"@type":"ListItem","position":3,"name":"Équipe municipale"}]},{"@type":"WebSite","@id":"https:\/\/www.willersurthur.fr\/#website","url":"https:\/\/www.willersurthur.fr\/","name":"Willer-sur-Thur, le site officiel","description":"Bienvenue sur le site officiel de Willer-sur-Thur, 4ème commune forestière du département du Haut-Rhin en Alsace.","potentialAction":[{"@type":"SearchAction","target":{"@type":"EntryPoint","urlTemplate":"https:\/\/www.willersurthur.fr\/?s={search_term_string}"},"query-input":{"@type":"PropertyValueSpecification","valueRequired":true,"valueName":"search_term_string"}}],"inLanguage":"fr-FR"}]}</script>
<!-- / Yoast SEO plugin. -->

Équipe municipale - Présentation du conseil municipal

Bienvenue sur le site officiel de Willer-sur-Thur, 4ème commune forestière du département du Haut-Rhin en Alsace.
